
31
What is the remainder when 743428 is divided by 81?
10
What is the remainder when 3364 is divided by 153?
151
Calculate the remainder when 2696 is divided by 749.
449
Calculate the remainder when 211090 is divided by 271.
252
What is the remainder when 85184 is divided by 186?
182
What is the remainder when 127594 is divided by 59?
36
What is the remainder when 186289 is divided by 509?
504
Calculate the remainder when 13275 is divided by 3317.
7
What is the remainder when 99641 is divided by 697?
667
What is the remainder when 7449 is divided by 946?
827
Calculate the remainder when 41859 is divided by 4184.
19
Calculate the remainder when 497383 is divided by 11842.
19
What is the remainder when 405420 is divided by 38?
36
Calculate the remainder when 12920 is divided by 997.
956
What is the remainder when 251734 is divided by 232?
14
Calculate the remainder when 4901 is divided by 665.
246
What is the remainder when 306593 is divided by 2?
1
Calculate the remainder when 9258 is divided by 5.
3
Calculate the remainder when 213294 is divided by 130.
94
Calculate the remainder when 126421 is divided by 239.
229
Calculate the remainder when 63657 is divided by 173.
166
Calculate the remainder when 907 is divided by 12.
7
Calculate the remainder when 109475 is divided by 136.
131
Calculate the remainder when 21003 is divided by 91.
73
What is the remainder when 497405 is divided by 58?
55
What is the remainder when 7308 is divided by 159?
153
Calculate the remainder when 39975 is divided by 336.
327
What is the remainder when 12021 is divided by 4006?
3
What is the remainder when 1153 is divided by 336?
145
Calculate the remainder when 768 is divided by 158.
136
What is the remainder when 595572 is divided by 9?
6
What is the remainder when 46536 is divided by 28?
0
What is the remainder when 73469 is divided by 150?
119
What is the remainder when 25137 is divided by 6282?
9
What is the remainder when 72490 is divided by 244?
22
What is the remainder when 28791 is divided by 34?
27
Calculate the remainder when 57888 is divided by 60.
48
What is the remainder when 7594 is divided by 185?
9
What is the remainder when 21454 is divided by 931?
41
Calculate the remainder when 3002 is divided by 961.
119
Calculate the remainder when 77531 is divided by 52.
51
What is the remainder when 8305 is divided by 37?
17
What is the remainder when 1479718 is divided by 152?
150
What is the remainder when 5386 is divided by 1758?
112
What is the remainder when 25966 is divided by 122?
102
What is the remainder when 510249 is divided by 25?
24
What is the remainder when 216632 is divided by 16?
8
Calculate the remainder when 1799 is divided by 248.
63
What is the remainder when 5130 is divided by 1681?
87
What is the remainder when 20971 is divided by 1597?
210
What is the remainder when 6551 is divided by 801?
143
What is the remainder when 9034 is divided by 192?
10
What is the remainder when 20531 is divided by 173?
117
What is the remainder when 81009 is divided by 55?
49
Calculate the remainder when 11059 is divided by 503.
496
What is the remainder when 7863 is divided by 5?
3
Calculate the remainder when 47036 is divided by 2612.
20
Calculate the remainder when 2430 is divided by 2205.
225
Calculate the remainder when 38471 is divided by 93.
62
Calculate the remainder when 30792 is divided by 200.
192
Calculate the remainder when 418635 is divided by 40.
35
What is the remainder when 82931 is divided by 20709?
95
What is the remainder when 54623 is divided by 6067?
20
Calculate the remainder when 773 is divided by 104.
45
What is the remainder when 11291 is divided by 44?
27
Calculate the remainder when 1477 is divided by 303.
265
What is the remainder when 30062 is divided by 36?
2
What is the remainder when 5717 is divided by 358?
347
Calculate the remainder when 3849 is divided by 117.
105
What is the remainder when 1054403 is divided by 751?
750
What is the remainder when 3262 is divided by 222?
154
What is the remainder when 305027 is divided by 94?
91
Calculate the remainder when 230448 is divided by 10474.
20
Calculate the remainder when 3287 is divided by 2759.
528
Calculate the remainder when 7318 is divided by 3606.
106
Calculate the remainder when 745 is divided by 579.
166
Calculate the remainder when 69038 is divided by 203.
18
What is the remainder when 17487 is divided by 8376?
735
What is the remainder when 32494 is divided by 16245?
4
Calculate the remainder when 919 is divided by 130.
9
Calculate the remainder when 1199 is divided by 180.
119
What is the remainder when 700033 is divided by 113?
111
What is the remainder when 817 is divided by 139?
122
Calculate the remainder when 2637 is divided by 2631.
6
What is the remainder when 380869 is divided by 63478?
1
Calculate the remainder when 431640 is divided by 6442.
26
What is the remainder when 41754 is divided by 551?
429
What is the remainder when 119860 is divided by 18?
16
Calculate the remainder when 3445 is divided by 312.
13
Calculate the remainder when 7798 is divided by 269.
266
What is the remainder when 1785775 is divided by 7?
5
What is the remainder when 16103 is divided by 29?
8
What is the remainder when 12838 is divided by 2566?
8
Calculate the remainder when 32583 is divided by 133.
131
What is the remainder when 1178 is divided by 41?
30
Calculate the remainder when 1348 is divided by 254.
78
Calculate the remainder when 1977 is divided by 389.
32
What is the remainder when 1537418 is divided by 1484?
1478
Calculate the remainder when 3328 is divided by 779.
212
Calculate the remainder when 2006 is divided by 48.
38
What is the remainder when 682 is divided by 236?
210
Calculate the remainder when 4122 is divided by 785.
197
What is the remainder when 41911 is divided by 246?
91
What is the remainder when 1073 is divided by 130?
33
What is the remainder when 74647 is divided by 19?
15
Calculate the remainder when 2431 is divided by 132.
55
Calculate the remainder when 892 is divided by 377.
138
Calculate the remainder when 248564 is divided by 308.
8
What is the remainder when 2267 is divided by 12?
11
What is the remainder when 10302 is divided by 10277?
25
Calculate the remainder when 17169 is divided by 670.
419
What is the remainder when 18718 is divided by 37?
33
Calculate the remainder when 6296 is divided by 3147.
2
Calculate the remainder when 311305 is divided by 154.
71
What is the remainder when 40013 is divided by 1144?
1117
Calculate the remainder when 5016 is divided by 130.
76
Calculate the remainder when 13943 is divided by 58.
23
Calculate the remainder when 413964 is divided by 147.
12
Calculate the remainder when 3231 is divided by 34.
1
Calculate the remainder when 67628 is divided by 22515.
83
Calculate the remainder when 83626 is divided by 6.
4
Calculate the remainder when 122015 is divided by 11.
3
What is the remainder when 78272 is divided by 25?
22
Calculate the remainder when 21442 is divided by 30.
22
Calculate the remainder when 2572 is divided by 831.
79
Calculate the remainder when 75810 is divided by 3032.
10
What is the remainder when 36718 is divided by 90?
88
What is the remainder when 407 is divided by 173?
61
Calculate the remainder when 33114 is divided by 69.
63
What is the remainder when 4255 is divided by 9?
7
Calculate the remainder when 8446 is divided by 702.
22
Calculate the remainder when 364413 is divided by 121471.
0
Calculate the remainder when 28873 is divided by 7101.
469
What is the remainder when 4209 is divided by 3873?
336
What is the remainder when 448 is divided by 71?
22
What is the remainder when 80828 is divided by 16?
12
What is the remainder when 13717 is divided by 4?
1
What is the remainder when 34842 is divided by 1244?
10
What is the remainder when 70846 is divided by 175?
146
What is the remainder when 3655 is divided by 184?
159
Calculate the remainder when 25542 is divided by 31.
29
What is the remainder when 1357926 is divided by 572?
570
What is the remainder when 148551 is divided by 9?
6
Calculate the remainder when 31646 is divided by 1758.
2
What is the remainder when 28486 is divided by 410?
196
Calculate the remainder when 412951 is divided by 712.
703
Calculate the remainder when 53